tor of 332910 and 5480?
1370
What is the highest common divisor of 272190 and 258?
258
What is the greatest common divisor of 66 and 6457?
11
What is the greatest common divisor of 1000 and 10250?
250
Calculate the highest common factor of 41271 and 6.
3
What is the highest common factor of 4141 and 1010?
101
What is the highest common factor of 151004 and 28?
28
Calculate the greatest common factor of 341868 and 1116.
372
Calculate the greatest common divisor of 42 and 65289.
21
Calculate the highest common factor of 2524 and 776.
4
Calculate the highest common factor of 374 and 17875.
11
What is the highest common divisor of 224 and 2368?
32
Calculate the greatest common factor of 29 and 111186.
29
Calculate the highest common factor of 455444 and 176.
44
What is the greatest common divisor of 98 and 89201?
7
What is the greatest common factor of 17900 and 162174?
358
Calculate the highest common divisor of 1819293 and 123.
123
What is the highest common divisor of 280 and 8440040?
280
Calculate the highest common factor of 29377 and 236029.
1013
What is the greatest common factor of 228 and 202578?
114
Calculate the highest common factor of 1018 and 7.
1
What is the greatest common factor of 4978 and 2394?
38
Calculate the highest common factor of 22828 and 104.
52
Calculate the highest common divisor of 27 and 295.
1
Calculate the highest common factor of 948 and 1408412.
316
What is the greatest common divisor of 408 and 1077528?
408
Calculate the greatest common factor of 193488 and 417.
417
What is the greatest common factor of 35821 and 10778?
317
What is the highest common factor of 5 and 76315?
5
What is the greatest common factor of 74240 and 120?
40
What is the highest common divisor of 268427 and 1271?
41
What is the greatest common factor of 71 and 3952357?
71
What is the highest common factor of 5624250 and 300?
150
What is the greatest common divisor of 2812 and 6549?
37
Calculate the highest common divisor of 87 and 45385.
29
Calculate the highest common divisor of 2719005 and 5.
5
What is the highest common divisor of 9751 and 1393?
1393
What is the greatest common divisor of 133 and 95?
19
What is the greatest common divisor of 72058 and 28?
14
Calculate the highest common divisor of 762 and 2616454.
254
What is the highest common divisor of 113102 and 4770?
106
What is the highest common factor of 1947 and 11121?
33
Calculate the greatest common divisor of 150 and 2625.
75
Calculate the greatest common factor of 246 and 4182.
246
What is the greatest common factor of 4608 and 495?
9
Calculate the greatest common factor of 207 and 68333.
23
Calculate the highest common divisor of 649 and 913.
11
What is the highest common factor of 72 and 1048536?
72
What is the highest common factor of 3184 and 16119?
199
Calculate the greatest common factor of 4040 and 40.
40
What is the greatest common factor of 57 and 326819?
19
Calculate the highest common factor of 11618 and 1850.
74
What is the highest common divisor of 42 and 74634?
42
What is the highest common divisor of 120 and 46110?
30
Calculate the highest common divisor of 1188 and 327636.
36
What is the highest common divisor of 23 and 325?
1
What is the highest common factor of 3459 and 1939346?
1153
What is the highest common divisor of 1872555 and 186?
93
Calculate the highest common divisor of 928 and 198304.
32
What is the greatest common divisor of 246 and 5451?
3
Calculate the highest common divisor of 189 and 57435.
21
What is the greatest common factor of 4655 and 132335?
665
Calculate the greatest common factor of 270 and 433755.
135
Calculate the greatest common divisor of 855 and 639.
9
What is the highest common factor of 88 and 2989492?
44
What is the greatest common factor of 195 and 1680?
15
What is the highest common factor of 31 and 7723123?
31
Calculate the greatest common divisor of 80 and 29090.
10
What is the highest common divisor of 2208 and 115?
23
Calculate the greatest common divisor of 44822 and 292.
146
What is the greatest common factor of 810126 and 18?
18
What is the greatest common divisor of 54780 and 3660?
60
What is the greatest common divisor of 154 and 1027642?
154
Calculate the highest common factor of 123 and 10209.
123
Calculate the greatest common factor of 6023139 and 129.
129
What is the highest common factor of 31598 and 560224?
854
What is the greatest common factor of 187 and 23518?
11
Calculate the greatest common factor of 40 and 28370.
10
Calculate the greatest common factor of 1 and 368.
1
What is the highest common divisor of 12 and 62204?
4
Calculate the greatest common factor of 75790 and 8294.
286
Calculate the highest common factor of 2023 and 7497.
119
Calculate the greatest common divisor of 128 and 300316.
4
What is the highest common factor of 815 and 828040?
815
Calculate the greatest common divisor of 11316 and 2484.
276
What is the greatest common factor of 23157 and 2241?
747
What is the highest common factor of 39597 and 40188?
591
Calculate the highest common factor of 1595 and 18995.
145
Calculate the greatest common factor of 24 and 331593.
3
Calculate the greatest common factor of 3003649 and 22.
11
What is the greatest common factor of 6700 and 4288?
268
What is the greatest common divisor of 18 and 15006?
6
Calculate the greatest common factor of 109189 and 152227.
797
Calculate the greatest common factor of 9 and 1506429.
9
What is the highest common factor of 32 and 2392?
8
Calculate the greatest common divisor of 141383 and 33.
11
Calculate the greatest common divisor of 576173 and 39.
13
Calculate the highest common factor of 19 and 10581613.
19
What is the highest common divisor of 17856 and 1024?
64
Calculate the highest common divisor of 15530 and 25.
5
What is the greatest common divisor of 38406 and 8823?
519
Calculate the greatest common factor of 27306 and 234.
18
Calculate the highest common factor of 155 and 35725.
5
Calculate the greatest common factor of 3896 and 60875.
487
What is the highest common divisor of 403 and 906285?
31
What is the greatest common factor of 7582969 and 34?
17
Calculate the greatest common divisor of 54951 and 312.
39
Calculate the highest common factor of 22686 and 6726.
114
What is the highest common factor of 6844 and 10620?
236
Calculate the highest common divisor of 17 and 54757.
17
Calculate the highest common factor of 880 and 12656.
16
Calculate the greatest common factor of 1640 and 174988.
164
Calculate the greatest common divisor of 180462 and 342.
114
Calculate the greatest common divisor of 171 and 639958.
19
What is the highest common factor of 96 and 10308?
12
What is the highest common divisor of 2958 and 4182?
102
What is the greatest common divisor of 29340 and 54?
18
Calculate the highest common factor of 1919 and 133.
19
Calculate the highest common divisor of 1930 and 9480.
10
What is the greatest common divisor of 25241 and 200167?
587
What is the highest common factor of 70 and 8230?
10
What is the greatest common factor of 497 and 6?
1
What is the highest common factor of 171195 and 15?
15
What is the highest common factor of 173580 and 5412?
132
What is the greatest common factor of 32885 and 655?
5
What is the greatest common divisor of 819 and 10283?
91
What is the highest common factor of 52312 and 52?
52
What is the highest common divisor of 5473 and 78?
13
What is the greatest common factor of 2123 and 208826?
193
Calculate the highest common factor of 2821 and 364.
91
Calculate the greatest common divisor of 348020 and 80.
20
Calculate the highest common factor of 6460 and 26980.
380
What is the highest common factor of 1794 and 421291?
299
What is the highest common factor of 567 and 1354059?
63
What is the greatest common factor of 67775 and 45?
5
Calculate the greatest common factor of 61 and 200690.
61
What is the greatest common divisor of 65 and 2394015?
65
Calculate the highest common divisor of 176 and 685322.
22
Calculate the highest common divisor of 1710008 and 24.
8
Calculate the greatest common factor of 2776 and 56824.
8
What is the greatest common factor of 81 and 2419497?
27
What is the highest common factor of 203104 and 344?
8
What is the highest common divisor of 1738341 and 6237?
891
What is the greatest common